{"id":2,"date":"2025-07-17T09:02:52","date_gmt":"2025-07-17T09:02:52","guid":{"rendered":"http:\/\/skarana.com\/?page_id=2"},"modified":"2025-07-18T21:59:51","modified_gmt":"2025-07-18T21:59:51","slug":"sample-page","status":"publish","type":"page","link":"https:\/\/skarana.com\/","title":{"rendered":"HomePage"},"content":{"rendered":"\n<div class=\"wp-block-group is-layout-constrained wp-block-group-is-layout-constrained\">\n<h2 class=\"wp-block-heading has-text-align-center\">Paragrafo <strong>dentro<\/strong> un gruppo<\/h2>\n\n\n\n<p><\/p>\n<\/div>\n\n\n\n<figure class=\"wp-block-gallery has-nested-images columns-4 is-cropped has-luminous-vivid-orange-background-color has-background wp-block-gallery-2 is-layout-flex wp-block-gallery-is-layout-flex\" style=\"border-width:10px\">\n<figure class=\"wp-block-image size-large\"><img fetchpriority=\"high\" decoding=\"async\" width=\"768\" height=\"1024\" data-id=\"17\" src=\"https:\/\/skarana.com\/wp-content\/uploads\/2025\/07\/skarana-768x1024.jpeg\" alt=\"\" class=\"wp-image-17\" srcset=\"https:\/\/skarana.com\/wp-content\/uploads\/2025\/07\/skarana-768x1024.jpeg 768w, https:\/\/skarana.com\/wp-content\/uploads\/2025\/07\/skarana-225x300.jpeg 225w, https:\/\/skarana.com\/wp-content\/uploads\/2025\/07\/skarana-1152x1536.jpeg 1152w, https:\/\/skarana.com\/wp-content\/uploads\/2025\/07\/skarana.jpeg 1512w\" sizes=\"(max-width: 768px) 100vw, 768px\" \/><\/figure>\n\n\n\n<figure class=\"wp-block-image size-large\"><img decoding=\"async\" width=\"512\" height=\"512\" data-id=\"14\" src=\"https:\/\/skarana.com\/wp-content\/uploads\/2025\/07\/cropped-photodouble.jpg\" alt=\"\" class=\"wp-image-14\" srcset=\"https:\/\/skarana.com\/wp-content\/uploads\/2025\/07\/cropped-photodouble.jpg 512w, https:\/\/skarana.com\/wp-content\/uploads\/2025\/07\/cropped-photodouble-300x300.jpg 300w, https:\/\/skarana.com\/wp-content\/uploads\/2025\/07\/cropped-photodouble-150x150.jpg 150w, https:\/\/skarana.com\/wp-content\/uploads\/2025\/07\/cropped-photodouble-270x270.jpg 270w, https:\/\/skarana.com\/wp-content\/uploads\/2025\/07\/cropped-photodouble-192x192.jpg 192w, https:\/\/skarana.com\/wp-content\/uploads\/2025\/07\/cropped-photodouble-180x180.jpg 180w, https:\/\/skarana.com\/wp-content\/uploads\/2025\/07\/cropped-photodouble-32x32.jpg 32w\" sizes=\"(max-width: 512px) 100vw, 512px\" \/><\/figure>\n\n\n\n<figure class=\"wp-block-image alignleft size-large\"><img decoding=\"async\" width=\"953\" height=\"460\" data-id=\"27\" src=\"https:\/\/skarana.com\/wp-content\/uploads\/2025\/07\/cropped-cropped-vampiref.jpg\" alt=\"\" class=\"wp-image-27\" srcset=\"https:\/\/skarana.com\/wp-content\/uploads\/2025\/07\/cropped-cropped-vampiref.jpg 953w, https:\/\/skarana.com\/wp-content\/uploads\/2025\/07\/cropped-cropped-vampiref-300x145.jpg 300w, https:\/\/skarana.com\/wp-content\/uploads\/2025\/07\/cropped-cropped-vampiref-768x371.jpg 768w\" sizes=\"(max-width: 953px) 100vw, 953px\" \/><\/figure>\n\n\n\n<figure class=\"wp-block-image size-large is-style-default wp-duotone-unset-1\"><img loading=\"lazy\" decoding=\"async\" width=\"640\" height=\"480\" data-id=\"16\" src=\"https:\/\/skarana.com\/wp-content\/uploads\/2025\/07\/murodiamanti.jpg\" alt=\"\" class=\"wp-image-16\" srcset=\"https:\/\/skarana.com\/wp-content\/uploads\/2025\/07\/murodiamanti.jpg 640w, https:\/\/skarana.com\/wp-content\/uploads\/2025\/07\/murodiamanti-300x225.jpg 300w\" sizes=\"(max-width: 640px) 100vw, 640px\" \/><\/figure>\n<\/figure>\n\n\n\n<p class=\"has-palette-color-8-color has-palette-color-4-background-color has-text-color has-background has-link-color has-small-font-size wp-elements-e591e31f65d53b5f0f1b9d816b3981d8\" style=\"border-width:4px\">questo \u00e8 il testo del paragrafo.questo \u00e8 il testo del paragrafo.questo \u00e8 il testo del paragrafo.questo \u00e8 il testo del paragrafo.questo \u00e8 il testo del paragrafo.questo \u00e8 il testo del paragrafo.questo \u00e8 il testo del paragrafo.questo \u00e8 il testo del paragrafo.questo \u00e8 il testo del paragrafo.questo \u00e8 il testo del paragrafo.questo \u00e8 il testo del paragrafo.questo \u00e8 il testo del paragrafo.questo \u00e8 il testo del paragrafo.questo \u00e8 il testo del paragrafo.questo \u00e8 il testo del paragrafo.questo \u00e8 il testo del paragrafo.questo \u00e8 il testo del paragrafo.questo \u00e8 il testo del paragrafo.questo \u00e8 il testo del paragrafo.questo \u00e8 il testo del paragrafo.questo \u00e8 il testo del paragrafo.questo \u00e8 il testo del paragrafo.questo \u00e8 il testo del paragrafo.questo \u00e8 il testo del paragrafo.<\/p>\n\n\n\n<p><\/p>\n","protected":false},"excerpt":{"rendered":"<p>Paragrafo dentro un gruppo questo \u00e8 il testo del paragrafo.questo \u00e8 il testo del paragrafo.questo \u00e8 il testo del paragrafo.questo \u00e8 il testo del paragrafo.questo \u00e8 il testo del paragrafo.questo \u00e8 il testo del paragrafo.questo \u00e8 il testo del paragrafo.questo \u00e8 il testo del paragrafo.questo \u00e8 il testo del paragrafo.questo \u00e8 il testo del paragrafo.questo [&hellip;]<\/p>\n","protected":false},"author":1,"featured_media":0,"parent":0,"menu_order":0,"comment_status":"closed","ping_status":"open","template":"","meta":{"footnotes":""},"class_list":["post-2","page","type-page","status-publish","hentry"],"blocksy_meta":{"page_structure_type":"type-4","styles_descriptor":{"styles":{"desktop":"","tablet":"","mobile":""},"google_fonts":[],"version":6}},"_links":{"self":[{"href":"https:\/\/skarana.com\/index.php\/wp-json\/wp\/v2\/pages\/2","targetHints":{"allow":["GET"]}}],"collection":[{"href":"https:\/\/skarana.com\/index.php\/wp-json\/wp\/v2\/pages"}],"about":[{"href":"https:\/\/skarana.com\/index.php\/wp-json\/wp\/v2\/types\/page"}],"author":[{"embeddable":true,"href":"https:\/\/skarana.com\/index.php\/wp-json\/wp\/v2\/users\/1"}],"replies":[{"embeddable":true,"href":"https:\/\/skarana.com\/index.php\/wp-json\/wp\/v2\/comments?post=2"}],"version-history":[{"count":2,"href":"https:\/\/skarana.com\/index.php\/wp-json\/wp\/v2\/pages\/2\/revisions"}],"predecessor-version":[{"id":52,"href":"https:\/\/skarana.com\/index.php\/wp-json\/wp\/v2\/pages\/2\/revisions\/52"}],"wp:attachment":[{"href":"https:\/\/skarana.com\/index.php\/wp-json\/wp\/v2\/media?parent=2"}],"curies":[{"name":"wp","href":"https:\/\/api.w.org\/{rel}","templated":true}]}}